of 3615.
3, 5, 241
List the prime factors of 4448.
2, 139
What are the prime factors of 20131?
41, 491
What are the prime factors of 579?
3, 193
What are the prime factors of 10662?
2, 3, 1777
List the prime factors of 92220.
2, 3, 5, 29, 53
List the prime factors of 5369.
7, 13, 59
What are the prime factors of 1698?
2, 3, 283
List the prime factors of 121.
11
What are the prime factors of 9942?
2, 3, 1657
List the prime factors of 407.
11, 37
List the prime factors of 679.
7, 97
List the prime factors of 30215.
5, 6043
What are the prime factors of 3578?
2, 1789
What are the prime factors of 18571?
7, 379
What are the prime factors of 153644?
2, 71, 541
What are the prime factors of 6324?
2, 3, 17, 31
What are the prime factors of 1410?
2, 3, 5, 47
What are the prime factors of 481?
13, 37
What are the prime factors of 4268?
2, 11, 97
List the prime factors of 1697.
1697
List the prime factors of 36814.
2, 79, 233
List the prime factors of 10569.
3, 13, 271
What are the prime factors of 59525?
5, 2381
List the prime factors of 116.
2, 29
List the prime factors of 13453.
11, 1223
List the prime factors of 1485.
3, 5, 11
List the prime factors of 1201.
1201
List the prime factors of 435.
3, 5, 29
What are the prime factors of 3257?
3257
List the prime factors of 34147.
34147
What are the prime factors of 11694?
2, 3, 1949
List the prime factors of 2117.
29, 73
List the prime factors of 11330.
2, 5, 11, 103
What are the prime factors of 1775?
5, 71
What are the prime factors of 1559?
1559
List the prime factors of 1268.
2, 317
List the prime factors of 1153.
1153
What are the prime factors of 17709?
3, 5903
List the prime factors of 14250.
2, 3, 5, 19
List the prime factors of 694.
2, 347
List the prime factors of 219.
3, 73
What are the prime factors of 15902?
2, 7951
List the prime factors of 7991.
61, 131
List the prime factors of 2084.
2, 521
What are the prime factors of 2487?
3, 829
What are the prime factors of 109044?
2, 3, 13, 233
What are the prime factors of 5470?
2, 5, 547
What are the prime factors of 36594?
2, 3, 19, 107
What are the prime factors of 525?
3, 5, 7
What are the prime factors of 3704?
2, 463
List the prime factors of 1401.
3, 467
What are the prime factors of 1107?
3, 41
List the prime factors of 14659.
107, 137
List the prime factors of 563.
563
What are the prime factors of 1581?
3, 17, 31
What are the prime factors of 1469?
13, 113
What are the prime factors of 5006?
2, 2503
What are the prime factors of 46735?
5, 13, 719
List the prime factors of 17935.
5, 17, 211
What are the prime factors of 1411?
17, 83
What are the prime factors of 435?
3, 5, 29
List the prime factors of 953.
953
List the prime factors of 57124.
2, 14281
List the prime factors of 5138.
2, 7, 367
List the prime factors of 43295.
5, 7, 1237
What are the prime factors of 12221?
11, 101
What are the prime factors of 63470?
2, 5, 11, 577
What are the prime factors of 7862?
2, 3931
What are the prime factors of 4814?
2, 29, 83
List the prime factors of 5866.
2, 7, 419
List the prime factors of 24320.
2, 5, 19
List the prime factors of 6435.
3, 5, 11, 13
List the prime factors of 13103.
13103
List the prime factors of 3294.
2, 3, 61
List the prime factors of 592.
2, 37
List the prime factors of 3056.
2, 191
List the prime factors of 18396.
2, 3, 7, 73
What are the prime factors of 115892?
2, 7, 4139
What are the prime factors of 301?
7, 43
What are the prime factors of 2040?
2, 3, 5, 17
What are the prime factors of 70611?
3, 23537
List the prime factors of 984.
2, 3, 41
What are the prime factors of 89068?
2, 7, 3181
List the prime factors of 39582.
2, 3, 733
List the prime factors of 10924.
2, 2731
What are the prime factors of 2434?
2, 1217
List the prime factors of 9552.
2, 3, 199
List the prime factors of 431.
431
List the prime factors of 4221.
3, 7, 67
What are the prime factors of 1410?
2, 3, 5, 47
What are the prime factors of 5596?
2, 1399
List the prime factors of 108674.
2, 67, 811
List the prime factors of 460.
2, 5, 23
List the prime factors of 518.
2, 7, 37
What are the prime factors of 1160?
2, 5, 29
List the prime factors of 31849.
31849
List the prime factors of 13700.
2, 5, 137
List the prime factors of 18195.
3, 5, 1213
What are the prime factors of 46524?
2, 3, 3877
What are the prime factors of 130304?
2, 509
List the prime factors of 1700.
2, 5, 17
List the prime factors of 1965.
3, 5, 131
List the prime factors of 3418.
2, 1709
What are the prime factors of 29019?
3, 17, 569
List the prime factors of 3101.
7, 443
What are the prime factors of 9361?
11, 23, 37
List the prime factors of 33682.
2, 11, 1531
List the prime factors of 36992.
2, 17
List the prime factors of 22953.
3, 7, 1093
List the prime factors of 1881.
3, 11, 19
What are the prime factors of 14264?
2, 1783
What are the prime factors of 35298?
2, 3, 37, 53
What are the prime factors of 28667?
109, 263
What are the prime factors of 482?
2, 241
List the prime factors of 2904.
2, 3, 11
What are the prime factors of 918?
2, 3, 17
List the prime factors of 5.
5
List the prime factors of 30192.
2, 3, 17, 37
What are the prime factors of 70011?
3, 2593
List the prime factors of 90972.
2, 3, 7, 19
List the prime factors of 2499.
3, 7, 17
What are the prime factors of 45691?
45691
List the prime factors of 1832.
2, 229
What are the prime factors of 18950?
2, 5, 379
What are the prime factors of 15173?
15173
List the prime factors of 737.
11, 67
What are the prime factors of 1138?
2, 569
List the prime factors of 4583.
4583
What are the prime factors of 1863?
3, 23
List the prime factors of 2455.
5, 491
What are the prime factors of 3090?
2, 3, 5, 103
What are the prime factors of 1320?
2, 3, 5, 11
List the prime factors of 10536.
2, 3, 439
List the prime factors of 5659.
5659
What are the prime factors of 12022?
2, 6011
List the prime factors of 346.
2, 173
What are the prime factors of 495?
3, 5, 11
List the prime factors of 567.
3, 7
List the prime factors of 21647.
21647
List the prime factors of 10935.
3, 5
List the prime factors of 7913.
41, 193
What are the prime factors of 371?
7, 53
What are the prime factors of 8309?
7, 1187
List the prime factors of 2620.
2, 5, 131
List the prime factors of 1310.
2, 5, 131
What are the prime factors of 5788?
2, 1447
List the prime factors of 15376.
2, 31
List the prime factors of 56099.
56099
List the prime factors of 50506.
2, 25253
What are the prime factors of 148594?
2, 74297
What are the prime factors of 369?
3, 41
What are the prime factors of 53036?
2, 13259
What are the prime factors of 4155?
3, 5, 277
List the prime factors of 20820.
2, 3, 5, 347
List the prime factors of 5254.
2, 37, 71
List the prime factors of 6689.
6689
What are the prime factors of 15089?
79, 191
What are the prime factors of 47825?
5, 1913
What are the prime factors of 3643?
3643
List the prime factors of 1120.
2, 5, 7
List the prime factors of 3403.
41, 83
List the prime factors of 103279.
11, 41, 229
List the prime factors of 1578.
2, 3, 263
What are the prime factors of 2455?
5, 491
List the prime factors of 1247.
29, 43
What are the prime factors of 6?
2, 3
What are the prime factors of 193?
193
List the prime factors of 638.
2, 11, 29
List the prime factors of 95004.
2, 3, 7, 13, 29
What are the prime factors of 15223?
13, 1171
List the prime factors of 20536.
2, 17, 151
List the prime factors of 78322.
2, 39161
What are the prime factors of 8079?
3, 2693
List the prime factors of 48074.
2, 13, 43
List the prime factors of 5675.
5, 227
What are the prime factors of 967?
967
List the prime factors of 254.
2, 127
List the prime factors of 193.
193
List the prime factors of 1890.
2, 3, 5, 7
List the prime factors of 558.
2, 3, 31
List the prime factors of 59.
59
What are the prime factors of 4746?
2, 3, 7, 113
What are the prime factors of 12?
2, 3
List the prime factors of 7484.
2, 1871
List the prime factors of 5913.
3, 73
List the prime factors of 54084.
2, 3, 4507
What are the prime factors of 38705?
5, 7741
What are the prime factors of 3180?
2, 3, 5, 53
What are the prime factors of 82770?
2, 3, 5, 31, 89
What are the prime factors of 657?
3, 73
What are the prime factors of 602?
2, 7, 43
List the prime factors of 2790.
2, 3, 5, 31
Li